4b1 (base 12) to base 13.
30859
4034213 (base 5) to base 15
1438d
Convert -6045 (base 9) to base 14.
-1875
Convert -4216206 (base 8) to base 11.
-6a6598
5a572 (base 16) to base 6
11533042
Convert -10101022000110 (base 3) to base 12.
-727b19
Convert -26179 (base 12) to base 6.
-1041033
110311332 (base 4) to base 13
2cb23
-1620627 (base 10) to base 5
-403330002
Convert 2a7f5c (base 16) to base 9.
5214413
2120022000102 (base 3) to base 15
1be215
-111101010011101100111 (base 2) to base 16
-1ea767
Convert -452210 (base 7) to base 9.
-131685
70414 (base 8) to base 5
1411230
What is c34a9 (base 16) in base 11?
4a6a94
2001111121 (base 4) to base 8
2012531
What is -131021322 (base 4) in base 16?
-1d27a
What is 15640665 (base 8) in base 14?
6a3a05
Convert 123133341 (base 5) to base 13.
17c98c
Convert 10021133 (base 5) to base 7.
450622
-24014332 (base 6) to base 5
-142430114
What is 130552142 (base 6) in base 10?
2565278
Convert 2441201 (base 5) to base 13.
18193
What is 32432 (base 8) in base 12?
7a4a
Convert 2241613 (base 7) to base 4.
1010021323
What is -27047 (base 13) in base 5?
-4310220
What is 10080055 (base 9) in base 7?
56046455
-3cb223 (base 13) to base 14
-2a7ac1
Convert -14c0a10 (base 14) to base 9.
-21070606
What is 658381 (base 11) in base 13?
2aa283
What is 13050401 (base 7) in base 6?
41251112
What is 12d8e (base 15) in base 7?
341123
Convert -2724370 (base 9) to base 14.
-2abd21
Convert -3331323301 (base 4) to base 3.
-1221211202201
142c04 (base 13) to base 16
781bb
-1013263 (base 7) to base 13
-4323a
Convert -111022022220 (base 3) to base 6.
-5340423
-95865 (base 11) to base 12
-6885b
-394211 (base 10) to base 7
-3231206
Convert 139633 (base 15) to base 10.
943023
-1612383 (base 10) to base 9
-3026686
What is 22070 (base 12) in base 15?
d50c
Convert 232320100131 (base 4) to base 11.
6a33a47
Convert -2325287 (base 12) to base 6.
-401025451
Convert -21612 (base 8) to base 4.
-2032022
What is 104556 (base 9) in base 2?
1111001111010101
526653 (base 8) to base 13
61b85
11010212011200 (base 3) to base 6
115105030
What is 3542a5 (base 12) in base 4?
3101112131
-11402223014 (base 5) to base 11
-7578890
Convert -100120011020 (base 3) to base 2.
-101101111100100100
Convert 702264 (base 8) to base 5.
24334310
Convert -1472a86 (base 13) to base 12.
-2224072
What is -20000221000001 (base 3) in base 9?
-6027001
What is -33110202 (base 5) in base 14?
-75c4c
What is 2033212344 (base 5) in base 11?
2405616
What is -8436682 (base 10) in base 11?
-4842671
Convert -535ba (base 12) to base 13.
-3ac36
What is -4851a (base 13) in base 4?
-200121100
1001202211 (base 4) to base 13
95263
Convert 702074 (base 8) to base 16.
3843c
-21f141 (base 16) to base 11
-128a297
Convert -11412312 (base 5) to base 10.
-107207
15a806 (base 14) to base 5
143241133
Convert -172961 (base 12) to base 14.
-a54a5
Convert 5cc82 (base 13) to base 6.
3401023
What is -1a42 (base 14) in base 13?
-2224
Convert -1b432 (base 13) to base 9.
-81273
Convert -b92999 (base 14) to base 11.
-35a2159
What is -26282 (base 14) in base 15?
-1cbd7
What is -1c8003 (base 14) in base 16?
-f9363
Convert -952dd (base 14) to base 16.
-57e73
What is -133331231303 (base 4) in base 11?
-4803501
What is 2769164 (base 12) in base 9?
15700564
-1023679 (base 12) to base 10
-3033597
Convert 100363161 (base 7) to base 2.
10110001111100001011101
-42323 (base 7) to base 8
-24326
Convert -310314553 (base 7) to base 6.
-1445255331
c8d0 (base 15) to base 11
29a22
What is 125503135 (base 6) in base 9?
4648265
-51347 (base 8) to base 2
-101001011100111
Convert -1266542 (base 7) to base 15.
-34ba2
What is 17671122 (base 8) in base 13?
b2779a
Convert -37b3ca (base 14) to base 15.
-27bda9
Convert 439a5 (base 12) to base 9.
145748
What is 113000310 (base 4) in base 12?
46670
Convert -b14b5 (base 12) to base 5.
-24334122
Convert 15440534 (base 6) to base 16.
8634a
Convert 103340001 (base 5) to base 8.
1555540
What is -8df9fb (base 16) in base 14?
-1342c43
43432200 (base 5) to base 10
374050
Convert -1268ec (base 16) to base 12.
-4a2264
What is 6074417 (base 8) in base 2?
110000111100100001111
What is 9732 (base 13) in base 12?
10199
Convert -214069 (base 10) to base 4.
-310100311
Convert 2560312 (base 10) to base 14.
4a90b6
What is -11a064 (base 14) in base 10?
-603768
What is 110001010000010110101 (base 2) in base 10?
1614005
-907a48 (base 16) to base 8
-44075110
1529197 (base 10) to base 8
5652555
What is -3426590 (base 11) in base 14?
-b21631
Convert 121202000122 (base 3) to base 8.
1203465
-616183 (base 11) to base 7
-11256543
Convert -22412322 (base 5) to base 15.
-3e827
What is a809c3 (base 13) in base 6?
220303030
160142 (base 9) to base 12
49032
What is 102012320222 (base 4) in base 7?
55230023
Convert 211176 (base 8) to base 15.
15c4a
Convert 889a93 (base 11) to base 3.
2200002021011
-53c126 (base 13) to base 5
-1000444323
-13a2551 (base 11) to base 3
-11112011021121
1023322211 (base 4) to base 6
10355325
22221022002 (base 3) to base 7
1331564
-73316 (base 11) to base 12
-51a10
Convert 2001017 (base 8) to base 7.
4314034
-2321223201 (base 4) to base 2
-10111001101011100001
Convert 261e50 (base 16) to base 4.
21201321100
-63c0a (base 13) to base 9
-303814
Convert 75d2ac (base 14) to base 6.
221330224
Convert -27290a2 (base 11) to base 12.
-16b2924
Convert -115220304 (base 6) to base 16.
-21bd10
-707446 (base 8) to base 13
-82228
Convert -1102022021 (base 3) to base 12.
-141b1
-19b6b2 (base 13) to base 11
-407124
26140546 (base 7) to base 2
1001000100111110010110
-903a3 (base 13) to base 6
-5305001
-1254325 (base 6) to base 15
-159a2
Convert 1100111110111011001000 (base 2) to base 7.
40633431
37b0b1 (base 16) to base 5
1413242323
Convert 15202740 (base 8) to base 14.
666520
Convert 142015 (base 6) to base 12.
790b
What is 118771 (base 13) in base 16?
66391
-2d7a (base 15) to base 5
-303130
What is -122030322 (base 4) in base 3?
-12110012220
Convert 110011110110000010 (base 2) to base 9.
353258
What is 113302011113 (base 4) in base 10?
6234455
Convert -2e8a23 (base 16) to base 8.
-13505043
What is 111110100010111 (base 2) in base 7?
162235
-983922 (base 10) to base 15
-1467ec
-6071340 (base 8) to base 6
-54201532
What is 268988 (base 10) in base 5?
32101423
What is -1223331122 (base 4) in base 8?
-1537532
Convert -53234012 (base 6) to base 2.
-101111100110110011000
Convert 50418a0 (base 12) to base 4.
321101332320
100101012012 (base 3) to base 16
2d101
Convert -49ed4 (base 16) to base 10.
-302804
What is -12021210200200 (base 3) in base 12?
-b36753
8813078 (base 10) to base 14
1255a98
-1d822 (base 16) to base 14
-32094
Convert -180213 (base 9) to base 2.
-11011010001011111
1134022244 (base 5) to base 10
2642199
Convert -919783 (base 10) to base 9.
-1651631
Convert -890764 (base 13) to base 10.
-3228658
Convert -35142143 (base 6) to base 10.
-1086543
Convert -43336 (base 16) to base 14.
-72450
75a0e (base 16) to base 3
220110220200
Convert -2627754 (base 10) to base 15.
-36d8d9
What is -262103 (base 8) in base 3?
-11122002220
-322435134 (base 6) to base 9
-11700504
Convert -a692 (base 15) to base 9.
-53302
-182155 (base 9) to base 13
-3c650
What is -4438362 (base 10) in base 15?
-5ca10c
Convert -11110110100100001101000 (base 2) to base 8.
-36644150
1716297 (base 10) to base 5
414410142
-2223220031 (base 4) to base 10
-702989
What is 4c62a5 (base 14) in base 9?
4846632
Convert -202221102121 (base 3) to base 12.
-17a65a
Convert 43112030 (base 5) to base 2.
1011000101101111110
What is -187f0 (base 16) in base 11?
-69425
Convert 14540031 (base 7) to base 2.
101010010110100011000
-33838 (base 14) to base 11
-85a96
What is 25a9a96 (base 12) in base 3?
112000000120120
What is 1110001010110100111101 (base 2) in base 16?
38ad3d
-52a1bc (base 13) to base 6
-105254225
What is 1351174 (base 11) in base 9?
4340360
What is 1000443145 (base 6) in base 15?
d4be32
Convert -301443115 (base 6) to base 16.
-4e29b7
-7705 (base 10) to base 13
-3679
11332012 (base 4) to base 8
57606
240115441 (base 6) to base 8
21100121
What is 222103012 (base 4) in base 16?
2a4c6
641745 (base 11) to base 10
1027097
-20c111 (base 16) to base 6
-114001505
What is 3838005 (base 9) in base 6?
112502135
-43815 (base 10) to base 2
-1010101100100111
What is 9382